{"id":19,"date":"2022-05-19T23:08:34","date_gmt":"2022-05-19T23:08:34","guid":{"rendered":"http:\/\/mrlaboratoriodeideas.com\/?page_id=19"},"modified":"2022-05-19T23:23:19","modified_gmt":"2022-05-19T23:23:19","slug":"quienes-somos","status":"publish","type":"page","link":"https:\/\/mrlaboratoriodeideas.com\/index.php\/quienes-somos\/","title":{"rendered":"\u00bfQuienes Somos?"},"content":{"rendered":"\t\t<div data-elementor-type=\"wp-page\" data-elementor-id=\"19\" class=\"elementor elementor-19\" data-elementor-post-type=\"page\">\n\t\t\t\t\t\t<section class=\"elementor-section elementor-top-section elementor-element elementor-element-3a32ad4 elementor-section-boxed elementor-section-height-default elementor-section-height-default\" data-id=\"3a32ad4\" data-element_type=\"section\">\n\t\t\t\t\t\t<div class=\"elementor-container elementor-column-gap-default\">\n\t\t\t\t\t<div class=\"elementor-column elementor-col-50 elementor-top-column elementor-element elementor-element-1d97130\" data-id=\"1d97130\" data-element_type=\"column\">\n\t\t\t<div class=\"elementor-widget-wrap elementor-element-populated\">\n\t\t\t\t\t\t<div class=\"elementor-element elementor-element-c84042a elementor-widget elementor-widget-text-editor\" data-id=\"c84042a\" data-element_type=\"widget\" data-widget_type=\"text-editor.default\">\n\t\t\t\t<div class=\"elementor-widget-container\">\n\t\t\t\t\t\t\t\t\t<p>Plasmamos las ideas de nuestros clientes en propuestas creativas, con el fin de ofrecer soluciones integrales para alcazar el \u00e9xito de sus objetivos.<\/p><p>Dirigida por profesionales en las disciplinas creativas, con mas de 10 a\u00f1os de experiencia en relaciones p\u00fablicas y producci\u00f3n de eventos.<\/p><p>Un servicio que va de lo particular a lo general, tomando en cuenta que desde un complejo proyecto masivo hasta un sencillo proyecto personal, requieren procesos.<\/p>\t\t\t\t\t\t\t\t<\/div>\n\t\t\t\t<\/div>\n\t\t\t\t\t<\/div>\n\t\t<\/div>\n\t\t\t\t<div class=\"elementor-column elementor-col-50 elementor-top-column elementor-element elementor-element-b7ddab2\" data-id=\"b7ddab2\" data-element_type=\"column\">\n\t\t\t<div class=\"elementor-widget-wrap elementor-element-populated\">\n\t\t\t\t\t\t<section class=\"elementor-section elementor-inner-section elementor-element elementor-element-24eea5c elementor-section-boxed elementor-section-height-default elementor-section-height-default\" data-id=\"24eea5c\" data-element_type=\"section\">\n\t\t\t\t\t\t<div class=\"elementor-container elementor-column-gap-default\">\n\t\t\t\t\t<div class=\"elementor-column elementor-col-33 elementor-inner-column elementor-element elementor-element-a1b60f8\" data-id=\"a1b60f8\" data-element_type=\"column\">\n\t\t\t<div class=\"elementor-widget-wrap elementor-element-populated\">\n\t\t\t\t\t\t<div class=\"elementor-element elementor-element-15faa28 elementor-widget elementor-widget-image\" data-id=\"15faa28\" data-element_type=\"widget\" data-widget_type=\"image.default\">\n\t\t\t\t<div class=\"elementor-widget-container\">\n\t\t\t\t\t\t\t\t\t\t\t\t\t\t\t<img decoding=\"async\" src=\"https:\/\/mrlaboratoriodeideas.com\/wp-content\/uploads\/2022\/05\/1483351_10153499701810147_1049299700_n.jpg\" title=\"1483351_10153499701810147_1049299700_n\" alt=\"1483351_10153499701810147_1049299700_n\" loading=\"lazy\" \/>\t\t\t\t\t\t\t\t\t\t\t\t\t\t\t<\/div>\n\t\t\t\t<\/div>\n\t\t\t\t<div class=\"elementor-element elementor-element-c2bc1ed elementor-widget elementor-widget-image\" data-id=\"c2bc1ed\" data-element_type=\"widget\" data-widget_type=\"image.default\">\n\t\t\t\t<div class=\"elementor-widget-container\">\n\t\t\t\t\t\t\t\t\t\t\t\t\t\t\t<img decoding=\"async\" src=\"https:\/\/mrlaboratoriodeideas.com\/wp-content\/uploads\/2022\/05\/1422403_10153499739665147_187660962_n.jpg\" title=\"1422403_10153499739665147_187660962_n\" alt=\"1422403_10153499739665147_187660962_n\" loading=\"lazy\" \/>\t\t\t\t\t\t\t\t\t\t\t\t\t\t\t<\/div>\n\t\t\t\t<\/div>\n\t\t\t\t\t<\/div>\n\t\t<\/div>\n\t\t\t\t<div class=\"elementor-column elementor-col-33 elementor-inner-column elementor-element elementor-element-24ab239\" data-id=\"24ab239\" data-element_type=\"column\">\n\t\t\t<div class=\"elementor-widget-wrap elementor-element-populated\">\n\t\t\t\t\t\t<div class=\"elementor-element elementor-element-5c6d86c elementor-widget elementor-widget-image\" data-id=\"5c6d86c\" data-element_type=\"widget\" data-widget_type=\"image.default\">\n\t\t\t\t<div class=\"elementor-widget-container\">\n\t\t\t\t\t\t\t\t\t\t\t\t\t\t\t<img decoding=\"async\" src=\"https:\/\/mrlaboratoriodeideas.com\/wp-content\/uploads\/2022\/05\/1466245_10153506687785147_1521297576_n.jpg\" title=\"1466245_10153506687785147_1521297576_n\" alt=\"1466245_10153506687785147_1521297576_n\" loading=\"lazy\" \/>\t\t\t\t\t\t\t\t\t\t\t\t\t\t\t<\/div>\n\t\t\t\t<\/div>\n\t\t\t\t<div class=\"elementor-element elementor-element-d4354d9 elementor-widget elementor-widget-image\" data-id=\"d4354d9\" data-element_type=\"widget\" data-widget_type=\"image.default\">\n\t\t\t\t<div class=\"elementor-widget-container\">\n\t\t\t\t\t\t\t\t\t\t\t\t\t\t\t<img decoding=\"async\" src=\"https:\/\/mrlaboratoriodeideas.com\/wp-content\/uploads\/2022\/05\/1380752_10153257239225147_1066055540_n.jpg\" title=\"1380752_10153257239225147_1066055540_n\" alt=\"1380752_10153257239225147_1066055540_n\" loading=\"lazy\" \/>\t\t\t\t\t\t\t\t\t\t\t\t\t\t\t<\/div>\n\t\t\t\t<\/div>\n\t\t\t\t\t<\/div>\n\t\t<\/div>\n\t\t\t\t<div class=\"elementor-column elementor-col-33 elementor-inner-column elementor-element elementor-element-4c82239\" data-id=\"4c82239\" data-element_type=\"column\">\n\t\t\t<div class=\"elementor-widget-wrap elementor-element-populated\">\n\t\t\t\t\t\t<div class=\"elementor-element elementor-element-a2c0ffb elementor-widget elementor-widget-image\" data-id=\"a2c0ffb\" data-element_type=\"widget\" data-widget_type=\"image.default\">\n\t\t\t\t<div class=\"elementor-widget-container\">\n\t\t\t\t\t\t\t\t\t\t\t\t\t\t\t<img decoding=\"async\" src=\"https:\/\/mrlaboratoriodeideas.com\/wp-content\/uploads\/2022\/05\/1454633_10153499734975147_2076294143_n.jpg\" title=\"1454633_10153499734975147_2076294143_n\" alt=\"1454633_10153499734975147_2076294143_n\" loading=\"lazy\" \/>\t\t\t\t\t\t\t\t\t\t\t\t\t\t\t<\/div>\n\t\t\t\t<\/div>\n\t\t\t\t<div class=\"elementor-element elementor-element-e0c1fee elementor-widget elementor-widget-image\" data-id=\"e0c1fee\" data-element_type=\"widget\" data-widget_type=\"image.default\">\n\t\t\t\t<div class=\"elementor-widget-container\">\n\t\t\t\t\t\t\t\t\t\t\t\t\t\t\t<img decoding=\"async\" src=\"https:\/\/mrlaboratoriodeideas.com\/wp-content\/uploads\/2022\/05\/999626_10153499736295147_942884850_n.jpg\" title=\"999626_10153499736295147_942884850_n\" alt=\"999626_10153499736295147_942884850_n\" loading=\"lazy\" \/>\t\t\t\t\t\t\t\t\t\t\t\t\t\t\t<\/div>\n\t\t\t\t<\/div>\n\t\t\t\t\t<\/div>\n\t\t<\/div>\n\t\t\t\t\t<\/div>\n\t\t<\/section>\n\t\t\t\t\t<\/div>\n\t\t<\/div>\n\t\t\t\t\t<\/div>\n\t\t<\/section>\n\t\t\t\t<\/div>\n\t\t","protected":false},"excerpt":{"rendered":"<p>Plasmamos las ideas de nuestros clientes en propuestas creativas, con el fin de ofrecer soluciones integrales para alcazar el \u00e9xito de sus objetivos. Dirigida por profesionales en las disciplinas creativas, con mas de 10 a\u00f1os de experiencia en relaciones p\u00fablicas y producci\u00f3n de eventos. Un servicio que va de lo particular a lo general, tomando [&hellip;]<\/p>\n","protected":false},"author":1,"featured_media":0,"parent":0,"menu_order":0,"comment_status":"closed","ping_status":"closed","template":"","meta":{"footnotes":""},"class_list":["post-19","page","type-page","status-publish","hentry"],"aioseo_notices":[],"_links":{"self":[{"href":"https:\/\/mrlaboratoriodeideas.com\/index.php\/wp-json\/wp\/v2\/pages\/19","targetHints":{"allow":["GET"]}}],"collection":[{"href":"https:\/\/mrlaboratoriodeideas.com\/index.php\/wp-json\/wp\/v2\/pages"}],"about":[{"href":"https:\/\/mrlaboratoriodeideas.com\/index.php\/wp-json\/wp\/v2\/types\/page"}],"author":[{"embeddable":true,"href":"https:\/\/mrlaboratoriodeideas.com\/index.php\/wp-json\/wp\/v2\/users\/1"}],"replies":[{"embeddable":true,"href":"https:\/\/mrlaboratoriodeideas.com\/index.php\/wp-json\/wp\/v2\/comments?post=19"}],"version-history":[{"count":4,"href":"https:\/\/mrlaboratoriodeideas.com\/index.php\/wp-json\/wp\/v2\/pages\/19\/revisions"}],"predecessor-version":[{"id":49,"href":"https:\/\/mrlaboratoriodeideas.com\/index.php\/wp-json\/wp\/v2\/pages\/19\/revisions\/49"}],"wp:attachment":[{"href":"https:\/\/mrlaboratoriodeideas.com\/index.php\/wp-json\/wp\/v2\/media?parent=19"}],"curies":[{"name":"wp","href":"https:\/\/api.w.org\/{rel}","templated":true}]}}